+ 41*h + 104. Is v(-9) composite?
True
Let w = 25 - 20. Is (0 + (-59)/w)*(-55 + 50) a prime number?
True
Let t be 1*-2*(1 + 0). Let y(v) = -v**2 + 23*v - 14. Let q(o) = o**2 + 8*o - 5. Let k(i) = 17*q(i) - 6*y(i). Is k(t) a prime number?
False
Is (-1 - -25385) + (132/(-12))/11 composite?
True
Let m be (-4)/(32/(-6) - -4). Suppose p + m*h = 7*h + 12599, 4*h = 2*p - 25202. Is p prime?
False
Suppose -92779895 = 833*v - 898*v. Is v a prime number?
True
Let d(x) = -45 - 15*x - 46*x**2 - 37*x**2 - 9*x**3 + x + 71*x**2. Is d(-8) a prime number?
True
Suppose 0 = -6*v - 6864 + 2214. Let q = v + 1836. Is q a prime number?
True
Suppose 4*a - 5*t = 43073, 2*a - 2768 - 18786 = 6*t. Is a a prime number?
False
Suppose 6*u = 2*l + 3*u + 27, -l - u = 11. Is l/(48/(-5959))*1*4 a prime number?
False
Let l(z) = 11771*z**2 + 34*z + 75. Is l(8) a composite number?
False
Let i(s) = -2*s**3 + 12*s**2 + 130*s - 246. Is i(-49) prime?
False
Let y = 3302 + -1072. Let o be 1/(((-35)/y)/(-7)). Suppose o = 6*v - 2356. Is v prime?
True
Is (-32)/(-28) + (-2706265)/(-35) + 12 a composite number?
True
Is (-16)/(-8) + 139019 + 0/2 composite?
False
Let a = 323830 - 107187. Is a composite?
True
Let r = -33 - -33. Suppose -2*p + 12 = 2*p, -2*d - 4*p + 16 = r. Is 430/6 - d/3 a composite number?
False
Is 27 - 10735/399 - (-2 + 4816075/(-21)) prime?
False
Let u = -5736 - -64505. Is u prime?
False
Let a(c) = 389619*c**2 - 214*c + 213. Is a(1) a composite number?
True
Let q(u) = 8*u + 13. Let h be q(-2). Let j be 1495/2 - h/6. Suppose -a + 5*p + 144 = 0, 3*p = -2*a - 3*a + j. Is a composite?
False
Let f(g) = 3*g**2 + 34*g - 88. Let c be f(21). Let m = c - 1386. Is m a prime number?
True
Suppose 0 = b - 4*o + 17, -23 = 5*b - 2*o - 10. Let g = -79 + b. Let w = 297 + g. Is w a prime number?
False
Suppose -5*a - 10 = 0, -a - 5 = -3*t + 9. Suppose -p = t*q - 4485, p - 4 = -3*p. Is q composite?
True
Let g = -183 - -186. Is -6 + 15 - (-75192)/g a prime number?
True
Suppose 12 = -3*y, -3*w - y - 3*y = -488. Suppose 99*b = 31*b + 19244. Let h = w + b. Is h prime?
False
Let t = 54 + -50. Suppose -6*b + 2*b - 8 = -t*i, 4*b = -5*i + 1. Is 330/10*b/((-6)/22) composite?
True
Is (184557/5)/(2/(-28) + (-456)/(-1680)) prime?
False
Suppose 0 = -41*j - 49*j + 36735210. Is j prime?
True
Is -37865*(2 + 27/(-9)) composite?
True
Let i(s) = s**3 - 10*s**2 + 47*s + 14. Let c be i(32). Suppose 14*a = 42132 + c. Is a composite?
True
Let y = 100 + -108. Let r(t) = 14*t**2 + 14*t - 2. Let f be r(y). Suppose 8*k = 6554 + f. Is k composite?
True
Let j(d) = -d**2 + d + 6. Let a(o) = 40*o**2 - 13*o - 39. Let b(i) = a(i) + 6*j(i). Let s = -1 - -9. Is b(s) composite?
True
Suppose -4 - 12 = -4*k. Let j be k/6 + (-14)/(-6). Suppose z + 2*r = -z + 426, -z = -j*r - 217. Is z prime?
False
Let q be -10 + 3/1 + 1 - -3. Let d be (526/2)/(6/3 + q). Is 4/3*(-21)/14*d composite?
True
Let k = -11 - -31. Let t(p) = p - 20. Let x be t(k). Suppose v + x*v = 341. Is v prime?
False
Let n = 49709 - -71760. Is n a composite number?
False
Suppose -5*l = -x - 0*l - 34009, -5*x + 3*l - 170111 = 0. Let q = -19029 - x. Is q prime?
False
Let h be (-2)/6 + (-2314)/(-3). Let z be ((-2 + h)*(0 - -1))/1. Suppose -2*g - 12 = g, 3*a - 4*g = z. Is a composite?
False
Is (-1404651060)/(-3424) + (-2)/48*-3 a prime number?
False
Suppose -4*b - 128186 = -s + 14971, -5*b + 715660 = 5*s. Is s a composite number?
False
Suppose 71*i + 98*i + 46639433 = 216335206. Is i a prime number?
True
Suppose -842887 = -5*t + 632648. Is t a composite number?
True
Suppose 0 = -4*z + 5*z - 5*i + 14056, 70346 = -5*z + 3*i. Let v = 22398 + z. Is v composite?
True
Let u(r) = -5*r + 159. Let j be u(28). Suppose -18*l = -j*l + n + 9596, -l + 9602 = n. Is l composite?
True
Suppose 13 = 3*f + 4*j - 8, -4*f + 5*j = -59. Let a be 46/f - (-4)/(-22). Suppose -2*m = -3*u - 2963, -a*m + 5666 = u - 239. Is m prime?
False
Suppose -2*g + 293 = 5*o - 6*g, 0 = 2*g - 6. Let z = o - 141. Let f = 606 + z. Is f composite?
True
Let w(x) be the second derivative of -11*x**3/3 + 9*x**2 + 22*x. Let k be w(-11). Suppose -u + 1020 = 2*h + k, 5*h - 2*u = 1891. Is h prime?
True
Let q(i) = -92944*i + 93. Is q(-1) a prime number?
False
Suppose 60980 = 106*l - 105*l. Suppose 2*x = 5*f + 7*x - l, -4*f + 4*x = -48792. Is f composite?
False
Let k be 4/3 - (-4)/6. Suppose -6*z + 12 = -k*z. Suppose -912 = -4*j + 4*g, -2*j = j + z*g - 672. Is j composite?
True
Suppose 2*b = 6, -1478 - 2884 = -3*j + 5*b. Is j prime?
True
Let f(j) = -6*j + 71. Let n be (1 + 22)*-3*(-2)/(-6). Is f(n) a composite number?
True
Let u(t) = -t**3 - 6*t**2 - 2*t - 9. Let w be 16/(-40) + (-28)/5. Let q be u(w). Suppose q*v + 82 - 781 = 0. Is v prime?
True
Let r(z) = z**3 - z**2 - 21*z + 16. Let c be r(17). Suppose -4*b - 242 = 5*t - c, -b + t + 1008 = 0. Is b composite?
False
Let c(p) = 361*p - 11. Let f be c(-9). Let n = -2193 - f. Is n a composite number?
True
Let r(a) = -119*a**3 - 7*a**2 + 46*a + 207. Is r(-6) composite?
True
Let o = 24 - 27. Let n(b) = -9*b**2 + 21*b - 33. Let l(q) = 9*q**2 - 21*q + 34. Let y(v) = o*n(v) - 2*l(v). Is y(19) prime?
False
Let a(d) = 213*d**3 + 41*d**2 + 22*d - 101. Is a(18) composite?
True
Let r(c) = -2*c + 24. Let a = 131 - 125. Let k be r(a). Is k/(-18)*-3*(-3386)/(-4) composite?
False
Let g be 3 + -1 + 2 + -23. Let b = 117 + g. Is 148/1*b/56 a prime number?
False
Suppose 37*w - 31*w = 24. Suppose 10*k = w*y + 5*k - 95648, 5*k - 71771 = -3*y. Is y a prime number?
True
Suppose 0 = -w + 11 - 6. Suppose -4*i = -w*c + 52507, -c = 3*c - 2*i - 42002. Is c prime?
True
Let u be (-1)/5*4*(-3 - -8). Let c(x) = x**3 + 6*x**2 + 6*x - 3. Let i be c(u). Suppose 2215 = i*k + 230. Is k prime?
True
Suppose -11 = -5*q - f, 7 = 4*q - f - 0*f. Suppose -q*t - 35 = -5*c + t, -2*t = c + 6. Suppose -k + 4*r = -601, -c*r - 655 + 2506 = 3*k. Is k prime?
True
Suppose -55810 = -197*m + 235947. Is m a prime number?
True
Is ((-3)/(-12)*(0 + -6))/(120/(-15219440)) a composite number?
False
Let y = -55274 - -108921. Is y a prime number?
False
Let i be -2*(5 + -6) - -3. Let a = 104 + -18. Suppose -16 = -4*n, 2*x + a = 4*x - i*n. Is x composite?
False
Let a(k) = -5*k + 38. Let m be a(3). Let i(h) = 203*h + 112. Is i(m) prime?
False
Let p(v) = -v - 113. Let t be p(10). Let x = 88 - t. Is x prime?
True
Let i(w) = w**3 - 22*w**2 + 32*w - 7. Suppose -82 = -9*v + 134. Is i(v) a composite number?
False
Suppose 1 = -2*k - 9. Let l(c) be the first derivative of 29*c**3/3 + c**2/2 - 3*c + 118. Is l(k) a prime number?
False
Suppose -38*u = -45*u. Suppose u = 16*w - 58089 - 6455. Is w composite?
True
Let s(l) = l**2 + 26*l + 27. Let b be s(-25). Let q = 76 + -73. Suppose 484 = 3*j + u, q*j + 2*u - 153 = b*j. Is j composite?
False
Let h = 16754 + 2420. Is h composite?
True
Is (-1638325)/(-78) + -5 + (-210)/(-36) prime?
False
Let k = 35305 - -52674. Is k prime?
False
Let r be 52/(-3) + -3*6/27. Let m = r + 13. Let z(v) = -6*v + 1. Is z(m) a composite number?
False
Is (0 + -3)*((-2489137)/42)/((-3)/(-6)) composite?
False
Let m(a) = a + 1. Let r(k) = 8*k**2 + 84*k - 36. Let j(s) = -m(s) + r(s). Is j(-27) a composite number?
True
Suppose -4*j = -6*j + 2*d + 5166, 3*j - 7733 = -d. Suppose 88*i - 87*i - j = 0. Is i composite?
False
Let k(z) = -z**3 - 31*z**2 + 67*z - 68. Let b be k(-42). Suppose 17*g + 5*g - b = 0. Is g a prime number?
True
Let j = -137 + 152. Suppose 3*h - j = 6*h, -3*x - 3*h = -1536. Is x composite?
True
Suppose -4*j - 5*p + 2971 = 0, -j - 1490 = -3*j + 2*p. Suppose 4*d = g - 622, -g + j = -5*d + 125. Is g composite?
True
Let u be 2/21 - (-2460)/630. Suppose -u*i + 8 = 0, 4*c - 2 - 12 = -3*i. Suppose -6 = 2*j + c, 2*t - 3*j = 1098. Is t a prime number?
False
Suppose -700 = -4*s - 4*z, -3*s + 148 = z - 369. Let a = s + -91. Suppose 2*h - 218 = a. Is h a prime number?
True
Suppose -35*q + 26*q - 9341522 = -91*q. Is q a prime number?
True
Let c = 449079 - 307318. Is c prime?
True
Let j(q) = -q**3 + 9*q**2 - 15*q + 14. Let v be j(7). Suppose 0 = -v*p + 2*p - 5. Let u(r) = -1806*r - 5. Is u(p) a composite number?
False
Is 174194 - ((-260)/70 + (-5)/(-7)) composite?
False
Is (-48)/14*(-309435)/42 + -3 a composite number?
True
Let a(x) = 1484322*x - 431. Is a(2) prime?
True
Let f = 1941 + -1037. Let s = 1734 + -1209. Let w = f - s. Is w 